et d(u) = -6*u - 13. Let p be d(-4). Suppose p*j - j = 3570. List the prime factors of j.
3, 7, 17
Let v(t) = 5*t**2 - 163*t - 377. What are the prime factors of v(55)?
5783
Suppose -34*c - 8498 = -48*c. What are the prime factors of c?
607
Let h(a) = 176*a**3 + 2*a**2 - 10*a - 5. Let o(m) = 89*m**3 + m**2 - 4*m - 2. Let p(f) = 3*h(f) - 7*o(f). List the prime factors of p(-2).
3, 11, 23
Let t be 0 + (1 - 2 - -1). Let m = -13327 - -13349. Suppose t = -26*i + m*i + 548. What are the prime factors of i?
137
Let j(f) = -13*f**2 - f - 1. Let a be j(2). Suppose -10*n = -153 - 147. What are the prime factors of ((-3)/(n/22))/(11/a)?
11
Let i be ((-178)/(-4))/(7/(-14)). What are the prime factors of 2/(6/27)*i/(-3)?
3, 89
Let t(h) = -39*h**3 + 13*h**2 - h + 69. List the prime factors of t(-6).
3, 7, 61
Suppose 48*y = 46*y + 4. Suppose -6*p + 9069 = 3*x, -x - 3022 = -y*p - 3*x. What are the prime factors of p?
2, 3, 7
What are the prime factors of 10/(-6) - (205712/(-39) + -16)?
3, 41, 43
Let g be ((4/(-6))/(-2))/(6/252). Let z(i) = -i**3 + 17*i**2 - 36*i - 34. What are the prime factors of z(g)?
2, 5
Let c be (-6 + 5)*(1 - 8). Let j be 0 + 1*(c - 4). Suppose 3*m - 4*x + 5*x = 180, 296 = 5*m + j*x. List the prime factors of m.
61
Suppose 44*c - 84810 = 31438. What are the prime factors of c?
2, 1321
Suppose 2*t + 5*b - 80 = 0, -t + 58 = 4*b - 6*b. Let k(p) = 823*p - 823*p - p**2 + t. List the prime factors of k(0).
2, 5
Suppose 20*u - 3*u = 0. Suppose u = -f + 166 + 513. What are the prime factors of f?
7, 97
Suppose 8*z - 4*t - 341000 = 0, -5*t + 58165 = 5*z - 154975. What are the prime factors of z?
2, 21313
Suppose -76*c - 23*c + 1262052 = 0. List the prime factors of c.
2, 3187
Suppose -4*s = -18*g + 16*g - 4, s - 4*g + 6 = 0. Suppose -p + s*r + 4650 = 2*p, -4659 = -3*p + 5*r. List the prime factors of p.
2, 3, 43
Suppose -27*n + 1906 = -1199. Suppose -5*p + n = -0. List the prime factors of p.
23
Suppose 0 = -4*f - 4*z + z, 0 = -5*f - z. What are the prime factors of (-95 - (-1 - f))*217/(-62)?
7, 47
Let m = 1820 - 982. Suppose 4085 - m = 5*s + j, -3*j - 9 = 0. List the prime factors of s.
2, 5, 13
Let c = 65139 - 40187. List the prime factors of c.
2, 3119
Let f(h) = -h**3 - 21*h**2 - 21*h + 45. Let r be f(-20). Suppose r - 123 = -2*s. List the prime factors of s.
29
Let p(o) be the second derivative of -o**5/20 - o**4/12 - o**3/3 + 74*o**2 + 9*o + 4. What are the prime factors of p(0)?
2, 37
Let z = 282 - 198. What are the prime factors of (-3787)/z*-3*(-2 + 6)?
541
Suppose 12*c - 103 = 905. Suppose -3*r + 1665 = c. What are the prime factors of r?
17, 31
Let r be ((-756)/(-15))/(12/660). Suppose -128*s = -114*s - r. What are the prime factors of s?
2, 3, 11
Let n = 156 + -154. Let a(i) = 38*i**3 + 4*i**2 - 2*i - 2. What are the prime factors of a(n)?
2, 157
What are the prime factors of ((-326760)/(-110) - -11) + 6/(-11)?
11, 271
Let j be (2/(-4))/(7/(-14))*14. Let k be (-3224)/(-14) - 1 - 4/j. Suppose 2*f = g + 247, k = -5*f + 7*f + 5*g. What are the prime factors of f?
2, 61
What are the prime factors of -2 + ((-12024)/(-36))/((-2)/(-10))?
2, 3, 139
Let n be (-8)/(-14) + 0 - 85/(-35). Suppose -57 = -c - x + 64, 0 = -3*x - n. What are the prime factors of c?
2, 61
Let s(m) = 14*m**2 + 137*m - 437. List the prime factors of s(-59).
2, 20107
Let r = -5281 - -22226. What are the prime factors of r?
5, 3389
Suppose 0 = -t + 3*u + 40, -3*t - 4*u = -t - 100. Suppose 0 = -s + t + 10. What are the prime factors of s?
2, 7
Let o(w) = -459*w - 774. List the prime factors of o(-3).
3, 67
Let z(f) = f**3 + 53*f**2 - 6*f + 282. List the prime factors of z(-31).
2, 5, 2161
Suppose 0 = -g + 13*s - 11*s + 19317, 5*g + 4*s = 96529. What are the prime factors of g?
19309
Let w = 149528 + -102738. List the prime factors of w.
2, 5, 4679
Let t(n) = -232*n + 12. Let g(d) = -21*d + 1. Let m be (-4)/6*-3*8*-2. Let r(s) = m*g(s) + 3*t(s). What are the prime factors of r(-4)?
2, 5
Let z(t) be the first derivative of t**3/3 - 3*t**2/2 - 4*t - 6. Let s be z(-1). Let y(p) = -2*p**3 + p**2 - p + 33. List the prime factors of y(s).
3, 11
What are the prime factors of 51/(-136) + 96295/40?
29, 83
What are the prime factors of 5/(70/(-6))*(-144 - 78557)?
3, 11243
Suppose -t = -d - 4*t + 13, 0 = -3*d + 3*t + 3. Suppose 4*l + 1224 = d*q, 243 = 3*l + 4*q + 1140. Let m = -158 - l. List the prime factors of m.
5, 29
Let s(k) = 527*k + 2. Let r be s(5). Let c be (-3)/(-1) - r/(-9). Suppose n - c = -3*n. What are the prime factors of n?
2, 37
Suppose 0 = 241*y - 235*y - 20406. Let v = y + -2098. What are the prime factors of v?
1303
Let w = 94 - 226. List the prime factors of ((-12573)/w)/((-2)/(-16)).
2, 3, 127
Let s(h) = -h**2 + 9*h - 8. Let a be s(7). Let d be 2/a - 682/(-33). Suppose d = y - 14. List the prime factors of y.
5, 7
Let b = -199 + 196. What are the prime factors of b/(-5) + (-72870)/(-175)?
3, 139
Suppose 3*x = 4*f + 94692, x = -341*f + 337*f + 31580. What are the prime factors of x?
2, 1973
Let c(p) = p**3 - 21*p**2 - 37*p + 34. Let q(n) = n**3 - 22*n**2 - 37*n + 35. Let w(z) = 6*c(z) - 5*q(z). What are the prime factors of w(18)?
11
Suppose -4*l = -m + 30916, -5*m + 505*l + 154655 = 500*l. What are the prime factors of m?
2, 3, 1289
Let c(b) = 1088*b**3 + 2*b**2 - 3*b. Let l be c(1). Suppose 5*a - 3*k + 25 = l, 1054 = 5*a - k. What are the prime factors of a?
2, 3, 5, 7
Let c(i) be the first derivative of -7*i**2/2 + 28*i + 94. What are the prime factors of c(-13)?
7, 17
Let n be 4/6*(-30)/(-4). Suppose -4*a + 0*x - 24 = -5*x, 0 = -n*a + x - 9. List the prime factors of 3 + (-3 - a) + 93.
2, 47
Suppose -n = 2*f - 29467, 12*n - 7*n = 2*f - 29521. List the prime factors of f.
2, 7369
Suppose 21*a + a = 279158. What are the prime factors of a?
12689
Let z = -7 + 9. Let l be (3 - z)/((-1)/95). What are the prime factors of (-4)/(-10)*-2 + (-13091)/l?
137
Let p(r) = -r - 3 - 8 + 1. Let d(m) = -1. Let s(f) = -5*d(f) + p(f). List the prime factors of s(-12).
7
Suppose -10963*s = -10960*s + 8963 - 32324. What are the prime factors of s?
13, 599
List the prime factors of 48483/33 + 371/77 + -5.
13, 113
Let k be (6 + (-96)/18)*(-51)/2. Let r(z) = -z**2 - 18*z - 9. Let t be r(k). Suppose -x - 3 = -t. What are the prime factors of x?
5
Let i be (-2)/(-17) - 441/(-153). Suppose -8 = c - 0*p - 5*p, -24 = i*c + p. List the prime factors of 2*4*(828/c)/(-9).
2, 23
Let r = -123 - -116. Let g(a) = -a**3 - 2*a**2 + 6*a - 41. What are the prime factors of g(r)?
2, 3
Let a be 0*(4 + (2 - 5) + 0). Let o(m) = 23*m + 140. List the prime factors of o(a).
2, 5, 7
Suppose 20*z = 197655 + 114305. What are the prime factors of z?
2, 11, 709
Suppose -52 = -4*s - 5*v, 3*s - 8 = 3*v + 4. Let t(p) be the second derivative of p**4/12 + 17*p**3/6 - 53*p**2/2 + 1036*p. List the prime factors of t(s).
3, 7
Suppose 3*d + 2*g + 20 = 4*d, 0 = d - 5*g - 32. Suppose -d = -9*p - 57. Let m(u) = -15*u - 5. What are the prime factors of m(p)?
2, 5, 7
Suppose 0 = -31*f + 12*f - 1425. Let v = f + 395. List the prime factors of v.
2, 5
Suppose s - 3*s - 1069 = 5*g, 3*g + 641 = -s. Let q = 399 + g. Suppose -5*x = 0, -3*r + 276 = -4*x - q. What are the prime factors of r?
2, 7, 11
Let l(h) = h**3 + 11*h**2 + 15*h + 7. Let z be (-11)/(275/(-10)) + 662/(-5). Let s = -141 - z. List the prime factors of l(s).
2, 17
Let q be (174/(-9))/(652/(-108) - -6). List the prime factors of 36/6 + (-2 - 0) + q.
2, 263
Let m(n) = 19*n**2 - 5. Suppose 10*y - 3*y - 28 = 0. Let a be m(y). Suppose c - a = -4*f, -2*c + c = 2*f - 151. What are the prime factors of f?
2, 37
List the prime factors of (-1844)/(((-12)/(-684)*-9)/3).
2, 19, 461
Let r(k) be the second derivative of -k**5/20 - 7*k**4/6 - 25*k**3/6 - 4*k**2 + 9*k. Let m be r(-12). Suppose m*c = 66 + 62. What are the prime factors of c?
2
Suppose -2*n + 13401 = 2*n - j, -6678 = -2*n - 4*j. Suppose n + 1468 = 4*h - f, -h + 1199 = 5*f. What are the prime factors of h?
2, 7, 43
Suppose 5*q - 43760 = 4*n, -4*n + 43765 = 5*q - 9*n. List the prime factors of q.
2, 3
Let i(t) = -2*t + 51. List the prime factors of i(0).
3, 17
Let j = 9 + -7. Suppose -3*u = -k - k - 253, -u - 5*k + 73 = 0. Suppose -n - y = -j*n + 37, -2*n = y - u. List the prime factors of n.
2, 5
Suppose -5*i = 5